 315 = -43. Calculate the highest common factor of o and a.
17
Suppose -72 = -18*a + 15*a. Suppose -q = 6 - a. Calculate the greatest common factor of q and 162.
18
Suppose f - 103 = -192. Let p = f - -395. What is the highest common factor of 17 and p?
17
Suppose -o = -85 - 6. What is the highest common divisor of 13 and o?
13
Let f = 19 - 10. Let j = -16 - -14. Let u be 6*3*(-1)/j. Calculate the highest common divisor of f and u.
9
Let g = 434 - 303. Suppose -5*r + g = w, 4*r - w - 103 = -0*w. Suppose 4*d - 33 - 71 = 0. Calculate the highest common factor of d and r.
26
Let o(p) = -8*p. Let d be o(-4). Suppose 5*r + x = 3290, -5*r = -3*x + 7*x - 3290. Let h be r/21 + 2/3. What is the highest common factor of d and h?
32
Suppose 1 = -f, -15*n + 17*n - 4*f - 6858 = 0. Calculate the greatest common factor of 23 and n.
23
Let z be (-7 - -8)*1*4. Suppose -3*x = z*x - 28. What is the greatest common divisor of 4 and x?
4
Let d(s) = s**2 - 7*s - 9. Let w be d(-6). Let b = 44 - 20. Let v = w - b. Calculate the greatest common factor of v and 9.
9
Let o(d) = 5*d + d**2 - 2 - 6 + 1 - 4. Let b be o(6). What is the greatest common factor of b and 22?
11
Suppose 3*c + 3*z = 5*c - 1440, -5*z - 1440 = -2*c. Calculate the greatest common divisor of 32 and c.
16
Let a(x) = x + 18. Let f be -3 + 1 + (2 - 0). Let w be a(f). Let m = 71 + -35. What is the highest common factor of w and m?
18
Let d be 1/3 - 10548/(-108). What is the highest common divisor of 343 and d?
49
Suppose -4*a - 24 = 24. Let p be (a + 7)*(-2 + 1). What is the greatest common factor of p and 5?
5
Let c be -4 - 780/(-4) - 1. What is the greatest common factor of c and 30?
10
Suppose -5*s + 5*u + 235 = -0*s, 4*s + 5*u - 233 = 0. Suppose 5*z + 2*x + 2*x = s, 4*x + 8 = 0. What is the highest common divisor of 4 and z?
4
Let q(l) = 1647*l + 17. Let d be q(1). What is the greatest common factor of d and 13?
13
Let h be (-56)/(-32) + (-3)/(-12). Suppose 6*m - 130 = 2*m + h*w, 3*w = -4*m + 125. What is the greatest common factor of m and 96?
32
Let s be 98/5*(0 + 10). Let l(z) = -2*z**3 - 20*z**2 - 41*z + 35. Let v be l(-7). What is the greatest common factor of s and v?
28
Let j(r) = -r**2 - 7*r - 9. Let x be j(-7). Let k be ((-80)/6)/(3/x). What is the greatest common divisor of 40 and k?
40
Let k(d) = -d**2 + 29*d - 154. Let t be k(20). What is the greatest common divisor of 754 and t?
26
Suppose r - 300 = -z - 95, 3*z - 5*r - 631 = 0. Calculate the highest common divisor of 9 and z.
9
Suppose -10*b - 16*b = -5694. What is the greatest common factor of b and 146?
73
Let q be -1*3*16/(-12). What is the greatest common factor of 8 and q?
4
Suppose 192 = -4*h + c + 249, -2*h + 5*c = -15. Suppose 0 = -2*t + 145 + 5. What is the greatest common factor of h and t?
15
Suppose -10*g + 40 = -6*g - 4*j, -6*g - 5*j = -38. Suppose 0*k - k = -16. What is the highest common divisor of k and g?
8
Let a be (4 - 0)/(-4) - -5. Let p = 8 - a. Suppose -g - 4*x - 29 + 89 = 0, -5*x = -p*g + 345. Calculate the greatest common factor of g and 10.
10
Let k(o) = 17*o. Let v be k(1). Suppose 0 = -6*l + 11*l - 1085. Let h = l - 64. What is the greatest common divisor of v and h?
17
Let m be -11*4*190/(-40). What is the greatest common divisor of 304 and m?
19
Let a be -7*(30/(-7))/5. Suppose -4*y + 10 = -a. Suppose 3*u = u + 12. What is the highest common factor of y and u?
2
Suppose 43 = 4*l + l + n, -3*l = n - 27. Suppose 4 = -a - 5*w, -4*a + 22 = -3*w - l. What is the highest common divisor of a and 9?
3
Suppose -10*p + 16 = -9*p. Let i = p - 25. Let j be 910/45 + 2/i. Calculate the greatest common divisor of 10 and j.
10
Suppose 0 = -2*a - 3*a + 100. Suppose -5*b = -2*i - 0*b, 3*i + 3*b = 42. Let h be 2 + 1 + 2170/i. Calculate the greatest common divisor of h and a.
20
Let q(n) = n**3 + 5*n**2 - 5*n - 9. Let o be q(-5). Let m be 4/(-6) + 868/6. Calculate the highest common factor of o and m.
16
Let w = -1696 - -1836. Calculate the greatest common divisor of w and 40.
20
Suppose 7*p - 9*p = -440. Calculate the highest common divisor of 20 and p.
20
Suppose 5 + 0 = y. Suppose -4*k = -y - 31. Suppose -k = 3*a, l + a - 4 = 13. Calculate the highest common factor of 2 and l.
2
Suppose 0 = -p - 8, 5*n - 39*p = -41*p - 6. Let f = 32 + -14. What is the highest common divisor of f and n?
2
Let x be (3 - (-33)/(-15))*-5. Let n be x/(-14) - 390/(-7). Suppose 0 = 5*l - 5*m - 720, 3*m + 148 = 4*l - 424. What is the greatest common divisor of n and l?
28
Suppose 0 = -8*h + 5*h - 18. Let q be (h/4 - -1)*-8. Suppose 2*i = 0, -q*a + i + 400 = 2*i. What is the highest common factor of 40 and a?
20
Suppose 4 - 1 = m. Let o be (8/12)/(m/9). Suppose -o*z = -q - 392, -2*q - 796 = -4*z - 3*q. Calculate the highest common divisor of 18 and z.
18
Let v(k) = 10*k - 1. Let i be v(-4). Let n = 39 - i. Let g(b) = -b**3 + 6*b**2 - 5*b - 4. Let f be g(4). What is the greatest common divisor of f and n?
8
Let h be -1 + ((-13)/(91/21))/(0 - 1). Let k = 6 - 3. What is the highest common factor of h and k?
1
Suppose 113*l - 110*l = 276. Suppose -4*x + 908 = 4*v, -5*x - 3*v + 8*v = -1165. Calculate the greatest common divisor of x and l.
46
Let k = -784 - -1583. What is the highest common divisor of 94 and k?
47
Let u = 24 - 19. Suppose 129 = u*k + 19. Suppose -166 = -8*t + 98. Calculate the highest common divisor of t and k.
11
Let l be 6/(-2)*4/6. Let g = l - -3. Let n be (-30)/2*(-2)/g. What is the highest common divisor of 10 and n?
10
Let a(g) = -12*g + 4. Let b be a(-4). Suppose r + 54 = 4*d, 12*d + 5*r - 3 = 11*d. What is the highest common factor of b and d?
13
Suppose 0 = -13*f - 43 + 95. Suppose 0 = -3*m + 2*m + 32. Calculate the highest common divisor of m and f.
4
Let k be ((-136)/51)/(6/(-63)). What is the highest common divisor of 7 and k?
7
Suppose -35 = -5*q + 12*u - 11*u, -5*q - 3*u + 15 = 0. What is the highest common divisor of 153 and q?
3
Let u = 9 - 0. Let a be (60/350*63)/(2/5). What is the greatest common divisor of u and a?
9
Let a be ((-74)/6 + 1)*27/(-6). Let v = a - 48. Let m be 1/(2 + (-51)/27). Calculate the greatest common factor of v and m.
3
Let d(c) = c**2 + 15*c. Let v be d(-15). Let s(w) = w + 19. Let k be s(v). Calculate the highest common divisor of 133 and k.
19
Suppose -5*z - 52 = -3*f, 0 = 5*f + 5*z - 58 - 2. Let h(v) = -v**3 + 14*v**2 - 25*v + 2. Let b be h(6). What is the greatest common divisor of b and f?
14
Let x = 276 + -246. Calculate the highest common divisor of 110 and x.
10
Let j(p) = p**2 + 3*p - 21. Let o be j(-7). Let s(f) = -f**3 + 10*f**2 - 12*f + 2. Let x be s(o). What is the highest common factor of 26 and x?
13
Suppose -5*y + 12*y = 14. Suppose 0 = -2*v, -16 - 8 = -3*g + y*v. Calculate the highest common factor of g and 88.
8
Let l = 935 + -917. What is the highest common factor of l and 1602?
18
Let y = 37 - 388. Let w be y/(-45) + (-4)/5. What is the greatest common divisor of 21 and w?
7
Let w(f) = 3*f - 2*f - 3 - 6*f. Let o(a) = 35*a - 179. Let t be o(5). Let p be w(t). Calculate the highest common divisor of 119 and p.
17
Let o be (-5 + 1)*(-1)/2. Suppose 0 = -957*m + 927*m + 1260. Calculate the greatest common divisor of m and o.
2
Suppose 7*q - 328 - 582 = 0. Calculate the highest common divisor of q and 312.
26
Let y = -207 + 220. Let h be (24/(-10))/(-2)*5. Let w(v) = v**3 - 5*v**2 - v - 4. Let l be w(h). Calculate the highest common factor of l and y.
13
Let x = -21 + 39. Let i = x - 13. Suppose 120*u = 112*u + 360. What is the greatest common divisor of i and u?
5
Let i = -1840 + 3190. What is the highest common factor of 50 and i?
50
Let o = 74 + -51. Let u = o - -15. Let w(z) = 2*z**2 + 7. Let g be w(-5). Calculate the greatest common divisor of g and u.
19
Let t be (-17284)/(-30) - (186/45 - 4). Calculate the greatest common factor of t and 108.
36
Let n(w) = -219*w + 47. Let y be n(-3). Calculate the highest common divisor of 64 and y.
64
Suppose -7 = -4*j + 9. Suppose -j*y = -3*y - 132. What is the greatest common divisor of 12 and y?
12
Let t be (-2 - 1) + -3 + 37. What is the highest common factor of 1 and t?
1
Suppose q - 27 - 42 = 0. Suppose 3*f = 3*u + 1 + 8, 3*f - 4*u = 5. Let p = 30 - f. Calculate the highest common factor of p and q.
23
Suppose 5*u = 6125 - 750. Cal